{"id":477,"date":"2024-06-17T10:09:10","date_gmt":"2024-06-17T08:09:10","guid":{"rendered":"https:\/\/www.creasylvie.fr\/?post_type=product&#038;p=477"},"modified":"2024-06-17T10:20:00","modified_gmt":"2024-06-17T08:20:00","slug":"decapsuleur-personnalise","status":"publish","type":"product","link":"https:\/\/www.creasylvie.fr\/index.php\/produit\/decapsuleur-personnalise\/","title":{"rendered":"D\u00e9capsuleur personnalis\u00e9"},"content":{"rendered":"<p>D\u00e9capsuleur en bois avec r\u00e9cup\u00e9rateur de capsule<br \/>\nLa d\u00e9co est personnalisable selon vos go\u00fbt, le th\u00e8me, les couleurs, ou la grandeur que vous d\u00e9sirer<br \/>\nce mod\u00e8le mesure 18 cm de haut par 10 cm de large<br \/>\nLe mod\u00e8le est une commande de client ( voir les mod\u00e8les dans la galerie photos d&#8217;\u00e9t\u00e9 )<\/p>\n","protected":false},"excerpt":{"rendered":"<p>D\u00e9capsuleur en bois avec r\u00e9cup\u00e9rateur de capsule La d\u00e9co est personnalisable selon vos go\u00fbt, le th\u00e8me, les couleurs, ou la grandeur que vous d\u00e9sirer ce mod\u00e8le mesure 18 cm de haut par 10 cm de large Le mod\u00e8le est une commande de client ( voir les mod\u00e8les dans la galerie photos d&#8217;\u00e9t\u00e9 )<\/p>\n","protected":false},"featured_media":480,"comment_status":"open","ping_status":"closed","template":"","meta":[],"product_cat":[32],"product_tag":[],"class_list":{"0":"post-477","1":"product","2":"type-product","3":"status-publish","4":"has-post-thumbnail","6":"product_cat-ete","8":"entry","9":"has-media","11":"first","12":"instock","13":"shipping-taxable","14":"purchasable","15":"product-type-simple","16":"has-product-nav","17":"col","18":"span_1_of_3","19":"owp-content-center","20":"owp-thumbs-layout-horizontal","21":"owp-btn-normal","22":"owp-tabs-layout-horizontal"},"jetpack_sharing_enabled":true,"_links":{"self":[{"href":"https:\/\/www.creasylvie.fr\/index.php\/wp-json\/wp\/v2\/product\/477","targetHints":{"allow":["GET"]}}],"collection":[{"href":"https:\/\/www.creasylvie.fr\/index.php\/wp-json\/wp\/v2\/product"}],"about":[{"href":"https:\/\/www.creasylvie.fr\/index.php\/wp-json\/wp\/v2\/types\/product"}],"replies":[{"embeddable":true,"href":"https:\/\/www.creasylvie.fr\/index.php\/wp-json\/wp\/v2\/comments?post=477"}],"wp:featuredmedia":[{"embeddable":true,"href":"https:\/\/www.creasylvie.fr\/index.php\/wp-json\/wp\/v2\/media\/480"}],"wp:attachment":[{"href":"https:\/\/www.creasylvie.fr\/index.php\/wp-json\/wp\/v2\/media?parent=477"}],"wp:term":[{"taxonomy":"product_cat","embeddable":true,"href":"https:\/\/www.creasylvie.fr\/index.php\/wp-json\/wp\/v2\/product_cat?post=477"},{"taxonomy":"product_tag","embeddable":true,"href":"https:\/\/www.creasylvie.fr\/index.php\/wp-json\/wp\/v2\/product_tag?post=477"}],"curies":[{"name":"wp","href":"https:\/\/api.w.org\/{rel}","templated":true}]}}